of w?
8
Let x = -15 - -11. Let b = 2 - x. What is the units digit of b?
6
Let u be 3/(-2 - (-3)/1). Suppose 5*m = 25, -m = -2*z + 5*z - 11. Suppose 15 = 3*v, u*v - 35 = -3*o - z*o. What is the units digit of o?
4
Let k(x) = -x**2 + x. Let l(b) = -b**3 + 6*b**2 - 5*b. Let o(d) = -2*k(d) - l(d). Let n be o(3). Suppose -2*a = -n*a - 14. What is the units digit of a?
7
What is the tens digit of (-1)/(-3 - (-870)/291)?
9
Let n(j) = -j**2 - 5*j + 2. Let h be n(-6). Let x = 4 + h. What is the tens digit of -21*(2/(-3) - x)?
1
Suppose -218 = -4*q + 2*c, c + c + 53 = q. What is the units digit of q?
5
Let k(f) = 3*f**2 + f + 1. Let i be k(-2). Let w = i + -6. Suppose -4*q = -y - 43, 0 = -w*q + 3*y + 37 + 22. What is the tens digit of q?
1
Let b = 150 - 25. What is the hundreds digit of b?
1
Suppose 2*f + 4 = 3*f. What is the units digit of f/2 - 3 - -10?
9
Let v(t) = -t + 2 + 7 + 14. What is the units digit of v(0)?
3
Suppose -611 - 301 = -8*f. What is the tens digit of f?
1
Let o be (-4)/(-14) - (-24)/(-84). Suppose -p + 2*p - 11 = o. What is the tens digit of p?
1
Suppose -5*s - 6 = -4*w, 3*w - 2*w = -2*s + 8. Suppose -s*q = -q. Let p = 2 + q. What is the units digit of p?
2
Let u(t) = -7*t. Let y(n) = 6*n. Let m(l) = 5*u(l) + 6*y(l). Let k be m(-1). What is the units digit of 5/(-5)*k*7?
7
Suppose 69 = -4*d + 5*d. Suppose 2*b + d = 3*y + 169, 0 = 2*y - 8. Let o = b + -39. What is the tens digit of o?
1
Let f be 2*1/(-1) - -90. Let k be f/14 - 2/7. Suppose -4*h + 3*j = -8 - k, -5*j - 10 = -4*h. What is the units digit of h?
5
Let s(x) = x**3 - 12*x**2 + 14*x - 12. What is the units digit of s(12)?
6
Let w(z) = 5*z + 2. Let a be w(1). Let l(b) = 2*b**2 - 3. Let m be l(-3). Let o = m - a. What is the units digit of o?
8
Suppose -x = 2*x. Suppose 5*a - 3 = -2*i + 18, -4*a + i + 9 = x. What is the units digit of a?
3
Let a be 1 + -33 + 4/1. Let h = a - -66. What is the tens digit of h?
3
Suppose 3*t + 86 - 278 = 0. What is the tens digit of (t/10)/((-2)/(-5))?
1
Suppose 0 = -4*r - r - 5*v + 655, -6 = -2*v. What is the tens digit of r?
2
Let x(y) = y - 2. Let i be x(0). Let r be (i/7)/((-2)/14). Suppose 3*l - l + 1 = 5*g, -r*l + 26 = 4*g. What is the units digit of l?
7
Let i be 0 + 1 + 23 + -1. Suppose 0*q + 2*q + 3*b = -i, -5*q = 3*b + 35. Let c = q + 11. What is the units digit of c?
7
Suppose -2*v - 76 = -2*d, -130 = -4*d + d - v. What is the tens digit of (4/3)/(4/d)?
1
Suppose -2*u - 28 = 2*g, -3*u = 2*g - 3*g + 50. What is the units digit of ((-3)/(-6))/((-2)/u)?
4
Let r(x) = x - 2. Let d be r(4). Suppose -d*o - o + 9 = 0. Suppose 2*k - o*k + 8 = 2*b, 2*k + 3*b = 15. What is the units digit of k?
6
Let o be 4/2 - (4 - 26). Suppose -2*v - o = -2*x, 2*x + 5*v - 68 = -x. What is the units digit of x?
6
Suppose 0 = -3*o - 0*o + 42. Let g be 4/o + 166/7. Suppose -3*r - r + g = 0. What is the units digit of r?
6
Let p(y) = 7*y + 191. What is the hundreds digit of p(0)?
1
Let q = 169 + -4. What is the tens digit of q?
6
Suppose 1416 = 9*x - 5*x. What is the units digit of x?
4
Let k = 52 + 202. What is the hundreds digit of k?
2
Suppose g = -0*g + 10. Suppose 0 = 2*y + 2 - g. What is the units digit of y?
4
Let l = -6 + 10. Let f = 5 - l. What is the units digit of f?
1
Suppose q = 5*q - 4. Suppose -q = -w + 4. What is the units digit of w?
5
Let z = 33 + -9. What is the units digit of z?
4
Let z be 1/4 - 18/8. Let g(t) = t**3 + 3*t**2 - 2*t - 6. Let k(h) = -3*h**3 - 9*h**2 + 6*h + 17. Let s(n) = -17*g(n) - 6*k(n). What is the units digit of s(z)?
8
Suppose -4*t + 200 = -2*h - 142, -5*h = 5*t - 450. What is the tens digit of t?
8
Suppose 3*b = 4*r - 42, -3*r = 5*b - 2*r + 70. Let q = b + 35. What is the tens digit of q?
2
Let j(x) = -x**3 - 2*x**2 - 4*x + 1. Let i be (-210)/66 - 4/(-22). What is the tens digit of j(i)?
2
Let i = 68 - 30. What is the tens digit of i?
3
Suppose 8*f + 1702 = 13*f - 3*b, f - 318 = -5*b. What is the tens digit of f?
3
What is the tens digit of 1862/399*1/((-2)/(-183))?
2
Suppose 2*s + 2*s = -8. Let z be (8 + s)*(-1)/(-2). Suppose 2*d + 2*d = 5*i - 27, 5*i - 41 = -z*d. What is the units digit of i?
7
Let n(f) = -f + 7. What is the units digit of n(0)?
7
Let z = 229 - 3. What is the hundreds digit of z?
2
Suppose 9 = 4*y + 29, 5*c - y = 230. What is the units digit of c?
5
Let l = 122 + -73. What is the units digit of l?
9
Let i be 4/(-6)*(-69 + 15). Let z = 54 + -28. Suppose 2*x = -4*l + i, l + 3*x - z = -l. What is the units digit of l?
7
What is the units digit of 1/(-2) - (-728)/16?
5
Let z be (-8)/10*(-20)/(-8). Let n = z + 5. What is the units digit of n?
3
Suppose 398 = 5*y - f, 88 = -0*y + y + 4*f. What is the tens digit of y?
8
What is the units digit of (-2)/(1 - 3)*27?
7
Let h be 155/(-10)*(0 - -12). What is the tens digit of h/(-12) - (-1)/(-2)?
1
Let t be 2/(-10) - (-44)/20. Suppose 0*d - t*d - 20 = 0. What is the units digit of 0 + 0 - (d - -1)?
9
Let k(y) be the first derivative of -y**3/3 - 5*y**2 - 11*y - 2. Suppose 0 = -4*q - 8 - 24. What is the units digit of k(q)?
5
Suppose 3*i = -2*b + 564 - 106, 2*i = 4*b + 284. What is the hundreds digit of i?
1
Let z(d) = d**2 + d - 4. Let l be z(4). Let i = l - 4. Let x = 19 - i. What is the units digit of x?
7
Let r be -2 + (-1)/3*0. What is the units digit of r*((2 - 7) + 1)?
8
Let o(d) = -3 - 3*d - 5*d + 3*d. What is the units digit of o(-2)?
7
What is the units digit of 48 + (-4 - 3 - -3)?
4
Let f(z) = 4*z**3 - z + 1. Let p be f(1). Let y be 2/8 + 15/p. Let v(q) = q**2 - q - 5. What is the units digit of v(y)?
7
Let f = 23 + -22. Suppose -f = 5*y - 51. What is the units digit of y?
0
What is the hundreds digit of (10*29 - 0)/1 + 4?
2
Let s(y) = 5*y - 2. Let z be s(1). Suppose -2*p + z + 17 = 0. What is the tens digit of p?
1
What is the tens digit of (-1605)/(-9) - 2/6?
7
Let f(h) = h**3 + 12*h**2 + h + 15. Let r be f(-12). What is the units digit of (0 - -2 - r) + 5?
4
Let u(x) = -x**2 + 32*x - 19. What is the tens digit of u(19)?
2
What is the tens digit of 14/(-35) - 244/(-10)?
2
Let c = 307 + -66. What is the hundreds digit of c?
2
Let l(i) = 15*i - 1. Let p be l(-1). Let q = -41 - p. What is the units digit of (q - -1)/(6/(-4))?
6
Let j(c) = c + 3. Suppose 0 = -s + 3*a + 11, -a - 6 = -3. Let b = 5 - s. What is the units digit of j(b)?
6
Let a(l) = 2*l**2 - 3*l**2 + 0 + 8*l + 1. Let p be a(7). Suppose 2*c = p, 0 = 5*y + 2*c - 7*c + 5. What is the units digit of y?
3
Let u = 669 + -440. What is the tens digit of u?
2
Let t = -3 - -9. What is the units digit of t?
6
Suppose 0 = 5*z + 16 + 9. Let x(v) = -4*v - 10. What is the tens digit of x(z)?
1
Suppose -l = -5*l + 8. Suppose 2*h - 22 = -l*b + 22, 3*b = -15. What is the tens digit of h?
2
Suppose 30 = 3*o - 3*i - 0*i, -3*o + 35 = -4*i. Let j(f) = -f**3 + 5*f**2 + f. What is the units digit of j(o)?
5
What is the units digit of 4/(4/76*(-2)/(-1))?
8
Suppose 2 = l - 0. Let f(j) = -3*j**3 + 5*j + 1 + 5*j**2 + 2*j + l*j**3. What is the units digit of f(6)?
7
Let a = 11 + -7. Let q(z) = 2*z + 4. Let n be q(a). Suppose -52 = -4*x - n. What is the units digit of x?
0
Suppose l = -3 + 2. Let w = 3 - l. What is the units digit of w?
4
Let o(l) = -3*l + 7. Let j be o(4). Let n = j - -20. What is the units digit of n?
5
Let w = -7 - -7. Let t(y) = y - 1. Let g be t(5). Let r = g - w. What is the units digit of r?
4
Suppose -5*r - 4 = 2*k, 2*k = -0*k + 5*r - 4. Let w be (-8)/(-6)*45/(-10). What is the units digit of (k/(-4))/(w/(-84))?
7
Let o = -10 + 63. What is the tens digit of o?
5
Let o = 7 - 0. Let a(s) = 2*s - 10. Let m be a(o). Suppose -10 = -2*p, -m*g + 3*p + 30 = p. What is the units digit of g?
0
Let w = -44 + 44. Let s = 8 + -3. Suppose -s*o + 20 + 15 = w. What is the units digit of o?
7
Suppose 7*u = 3*u + 32. What is the units digit of u?
8
Let s be (-2)/(-1)*(-5 + -2). Let q = s - -18. What is the units digit of q?
4
Let n(q) = q**3 - 13*q**2 - q - 12. Let s be n(13). Let x(k) = -k - 9. Let h be x(-5). What is the units digit of s/(-4) + 1/h?
6
Let l(o) = -2*o + 1. Let x(h) = -3*h + 2. Let y be (9 - 1) + 6/(-2). Let j(b) = y*l(b) - 2*x(b). What is the tens digit of j(-4)?
1
Let d = 100 + -71. Let p = d + -21. What is the units digit of p?
8
Suppose 0 = -3*w - 15, -3*h + 0*h + w = -11. What is the units dig